101110101000100001011
Convert 201544000 (base 6) to base 11.
1a47716
Convert b2059 (base 16) to base 4.
2302001121
1232013203 (base 4) to base 3
211220201022
What is 1000101001001 (base 2) in base 6?
32253
a034a (base 11) to base 10
146827
1034030 (base 5) to base 9
26636
Convert -2212012112 (base 3) to base 14.
-16722
-196848 (base 12) to base 15
-8c6c2
55283 (base 13) to base 9
254512
What is -530123 (base 6) in base 8?
-123503
Convert -101222101112 (base 3) to base 7.
-1556636
What is 130466 (base 12) in base 13?
abb46
Convert 33057 (base 16) to base 14.
56235
Convert 213083 (base 9) to base 6.
2415333
10111011000001010 (base 2) to base 13
34779
Convert -1308245 (base 9) to base 15.
-e1b18
What is 971b (base 13) in base 11?
14843
Convert 116195 (base 13) to base 6.
12505315
Convert 2330020121 (base 4) to base 2.
10111100001000011001
What is 115143 (base 11) in base 12?
89757
-528526 (base 12) to base 8
-4753356
Convert -12246703 (base 9) to base 16.
-5b7a81
What is -2740640 (base 8) in base 5?
-144123324
What is 112220210102 (base 3) in base 2?
1000111101100000100
What is -420021102 (base 5) in base 11?
-a75415
What is 2328116 (base 10) in base 16?
238634
What is 1012000100201 (base 3) in base 11?
3a0465
10314214343 (base 5) to base 14
1687d26
Convert -c3c735 (base 14) to base 15.
-8a68c3
What is -15534444 (base 6) in base 7?
-4506652
Convert 17123623 (base 8) to base 13.
a9240a
72a54 (base 13) to base 8
622400
89202 (base 12) to base 11
11459a
Convert 21222020010221 (base 3) to base 2.
10000001010010000100101
26362042 (base 7) to base 13
668aa3
Convert -1a6a51 (base 11) to base 6.
-10442133
-283308 (base 14) to base 6
-45455312
-180015 (base 12) to base 13
-116a0b
What is -236088 (base 9) in base 13?
-4c982
What is -104000100 (base 5) in base 16?
-6ea1e
-84314 (base 9) to base 3
-2211100111
-14463602 (base 7) to base 5
-323031343
30344113 (base 5) to base 9
415463
20331041 (base 5) to base 6
3332050
Convert -94676 (base 15) to base 11.
-2a1616
What is -3603a6 (base 14) in base 12?
-74b652
What is 619681 (base 11) in base 13?
28a418
What is -16b0a62 (base 12) in base 3?
-22212012222002
16352551 (base 8) to base 11
2159693
What is 123502310 (base 6) in base 11?
1402384
Convert -34251c (base 14) to base 6.
-102003130
-242135541 (base 6) to base 16
-45f715
What is -142ba94 (base 12) in base 16?
-3db250
-76298 (base 12) to base 13
-55c82
-29fe82 (base 16) to base 3
-12011211012202
What is 32504 (base 16) in base 6?
4230032
-102234613 (base 7) to base 10
-6042592
Convert -12511412 (base 6) to base 7.
-3342251
Convert -77450 (base 8) to base 9.
-48578
Convert 112324334 (base 5) to base 8.
1746363
What is -10100010111000000000 (base 2) in base 11?
-416258
What is 212845 (base 16) in base 13?
5b10c8
Convert -144026a (base 11) to base 9.
-4581517
1001101100101100110 (base 2) to base 10
317798
49a0b9 (base 12) to base 13
32cbb6
1100110101000111101 (base 2) to base 15
84878
Convert 648374 (base 11) to base 14.
1cd774
-3031d5 (base 16) to base 2
-1100000011000111010101
What is -4515360 (base 7) in base 2?
-10001000011101011000
Convert 427b94a (base 12) to base 10.
12607114
-166461 (base 7) to base 12
-17486
6b80 (base 13) to base 4
3230221
Convert 147333 (base 10) to base 16.
23f85
-1252231 (base 9) to base 5
-133341432
-14816a (base 13) to base 6
-14442230
Convert 2032332 (base 6) to base 7.
555005
What is 100011100111000110000 (base 2) in base 3?
2012021200101
952674 (base 14) to base 7
60555504
-637324 (base 8) to base 13
-75a6c
Convert -62ab83 (base 13) to base 8.
-10635320
What is -10110011101010011110 (base 2) in base 3?
-1101101110122
-121201122001 (base 3) to base 16
-50617
112d (base 14) to base 12
1885
Convert 1102392 (base 10) to base 16.
10d238
Convert 222111102 (base 4) to base 12.
84416
Convert 11010110101110011 (base 2) to base 16.
1ad73
393622 (base 13) to base 5
323103221
What is -2033211312 (base 4) in base 3?
-1002212210100
What is -5487f5 (base 16) in base 12?
-1a31b05
138014 (base 9) to base 11
585a9
10111011110001110 (base 2) to base 14
27074
Convert -10102202111 (base 3) to base 16.
-10825
Convert 213842 (base 11) to base 10.
341750
3b2983 (base 14) to base 11
1176280
-110011000101010001 (base 2) to base 6
-4252401
113410230 (base 6) to base 10
2132010
Convert -1475301 (base 11) to base 9.
-4668016
What is 210022210200 (base 3) in base 5?
101413020
-175784 (base 12) to base 16
-62914
-277566 (base 12) to base 9
-1208416
Convert 69395 (base 11) to base 3.
12002120112
Convert 3263056 (base 7) to base 13.
110cbc
What is -30960 (base 13) in base 8?
-252362
Convert -2b20b (base 13) to base 4.
-103323212
Convert -27543476 (base 8) to base 2.
-10111101100011100111110
What is -7b71 (base 15) in base 9?
-38847
What is -11100001000011010100010 (base 2) in base 11?
-418762a
What is -325331054 (base 6) in base 5?
-3000000331
What is 3651859 (base 11) in base 5?
3111402212
5692a (base 13) to base 16
26768
Convert -1011110001101111 (base 2) to base 16.
-bc6f
What is 1001111111101111100011 (base 2) in base 12?
a64517
What is -d0274 (base 15) in base 4?
-2200303330
Convert 661326 (base 13) to base 9.
4460653
What is 26520 (base 11) in base 4?
21100013
Convert 22654 (base 8) to base 14.
372c
What is 173143a (base 13) in base 8?
34524541
-154543245 (base 6) to base 15
-455e58
Convert -3031323 (base 7) to base 13.
-c820b
Convert 59963 (base 15) to base 5.
33114433
What is -290208 (base 13) in base 6?
-33233313
Convert 2aa197 (base 16) to base 7.
32514264
-18104 (base 12) to base 16
-8794
What is 3121422 (base 5) in base 10?
51487
What is -1100120200002 (base 3) in base 2?
-10101111110010001011
Convert -185421 (base 10) to base 13.
-66522
Convert 603014 (base 8) to base 2.
110000011000001100
31033010021 (base 4) to base 13
946307
What is 5587453 (base 9) in base 14?
585137
Convert 33363 (base 10) to base 16.
8253
-14dcca (base 14) to base 3
-1101001221120
What is -1004044 (base 5) in base 8?
-37425
What is 3a2393 (base 11) in base 5?
130221230
1002107 (base 14) to base 16
72fa7b
1422200 (base 5) to base 16
73eb
-4d0a8 (base 16) to base 9
-530772
-10166240 (base 9) to base 11
-2837989
1302266 (base 8) to base 5
43033104
Convert -10023020033 (base 4) to base 5.
-240003114
What is -12221000101 (base 3) in base 6?
-2300014
What is -261a86 (base 12) in base 14?
-123c7c
Convert 71451 (base 10) to base 5.
4241301
2111603 (base 9) to base 3
2010101200010
Convert -6a8059 (base 11) to base 13.
-304467
Convert -33821 (base 9) to base 4.
-11200021
Convert 3112330011 (base 4) to base 6.
30511513
2122064 (base 7) to base 5
31221024
-415432 (base 8) to base 16
-21b1a
Convert -10010010101110011 (base 2) to base 16.
-12573
What is -4643037 (base 8) in base 13?
-352c23
3333020 (base 6) to base 13
5b521
110202323003 (base 4) to base 13
116764a
What is -151106612 (base 7) in base 6?
-554425445
What is -145551 (base 10) in base 4?
-203202033
Convert -33601 (base 10) to base 5.
-2033401
Convert -4302403 (base 5) to base 4.
-101220210
What is 1461154 (base 9) in base 16?
c53b6
Convert 155222 (base 7) to base 3.
1120000212
Convert 1562568 (base 10) to base 4.
11331133020
What is -16c78c (base 15) in base 12?
-4537b0
What is 10101200222 (base 3) in base 7?
365621
What is -1320555 (base 8) in base 4?
-1122011231
What is 1011252 (base 7) in base 16?
1d6d0
Convert 1032102300 (base 5) to base 10.
2222200
Convert -3c65b (base 13) to base 2.
-11011100111110001
Convert 1c9d55a (base 14) to base 8.
66632314
What is -188dca (base 14) in base 13?
-245bc0
Convert -26160126 (base 7) to base 4.
-21012012012
What is -7bb97a (base 12) in base 3?
-10202010012111
What is -522245 (base 7) in base 11?
-613a4
25455345 (base 8) to base 12
1a8b119
What is -346a9 (base 11) in base 10?
-50092
Convert -2188200 (base 11) to base 9.
-7180700
What is 276521 (base 9) in base 2?
101001001101110111
Convert 143223332 (base 5) to base 8.
2710317
What is -a003a (base 14) in base 13?
-105b5a
45142300 (base 6) to base 14
27800c
cf71 (base 16) to base 15
10b05
Convert 1627736 (base 10) to base 7.
16556405
2461b8 (base 12) to base 2
10010000010110011100
Convert 20011102102 (base 3) to base 2.
11101100111101010
-13a436 (base 11) to base 16
-356b7
Convert 326a1 (base 15) to base 14.
424d8
112662 (base 14) to